
What is the highest common divisor of 75 and 3409480?
5
What is the highest common factor of 345744 and 95746?
98
What is the greatest common factor of 1078 and 5250350?
98
Calculate the greatest common factor of 232694 and 8316.
154
Calculate the highest common divisor of 2076 and 401844.
12
What is the highest common factor of 1887725 and 2450?
1225
What is the highest common factor of 69549 and 224943?
291
Calculate the greatest common factor of 4960644 and 2496.
156
What is the greatest common factor of 2500260 and 8820?
420
What is the greatest common divisor of 28 and 478530962?
14
What is the greatest common divisor of 22022 and 273?
91
What is the highest common divisor of 24430868 and 11858?
1694
What is the highest common factor of 4 and 1092096716?
4
What is the highest common divisor of 35119 and 17371?
29
Calculate the highest common factor of 6976 and 181081264.
1744
Calculate the greatest common factor of 13 and 19463717.
13
Calculate the highest common divisor of 65698650 and 265185.
3735
What is the highest common divisor of 25773 and 793638?
213
What is the highest common factor of 20 and 87553540?
20
What is the highest common factor of 79662 and 74681?
17
Calculate the greatest common factor of 130 and 258985.
5
Calculate the greatest common factor of 51 and 151254287.
17
Calculate the highest common divisor of 664459488 and 1494.
1494
Calculate the greatest common divisor of 245604 and 801608.
388
What is the greatest common divisor of 92 and 218334101?
23
What is the highest common divisor of 2784 and 21159?
3
Calculate the greatest common factor of 1620350 and 32200.
1150
What is the highest common factor of 12497032 and 120?
8
What is the greatest common factor of 82429273 and 1861?
1861
Calculate the highest common divisor of 528 and 280549808.
176
What is the highest common factor of 13869 and 190682?
67
What is the highest common factor of 2336644 and 15692792?
9092
What is the highest common divisor of 8181353 and 138?
23
What is the highest common divisor of 42 and 2445317?
7
What is the greatest common factor of 420384 and 571184?
464
Calculate the highest common factor of 117956678 and 2036.
1018
Calculate the greatest common factor of 450941 and 1591.
43
Calculate the highest common divisor of 10856750 and 10000.
250
What is the highest common divisor of 293472 and 39456?
288
What is the greatest common factor of 48 and 4848582?
6
What is the highest common divisor of 266624 and 5792?
32
Calculate the highest common divisor of 198 and 80015661.
99
Calculate the highest common factor of 116539246 and 6.
2
What is the highest common factor of 22504 and 1046824?
776
What is the highest common divisor of 1040961 and 9588?
51
Calculate the greatest common factor of 37949986 and 1630.
326
What is the greatest common divisor of 28853 and 448877?
473
Calculate the highest common divisor of 4293933 and 435372.
1533
What is the highest common divisor of 678780 and 500?
20
Calculate the highest common factor of 641650071 and 438.
219
Calculate the highest common factor of 5117916 and 912.
228
What is the highest common factor of 424028 and 598?
46
Calculate the highest common divisor of 2282992 and 7355.
1471
Calculate the highest common divisor of 14826874 and 1547814.
8458
What is the greatest common factor of 330 and 1071203870?
110
What is the highest common divisor of 417852 and 1595196?
2628
What is the greatest common divisor of 16992 and 1246788?
2124
What is the highest common divisor of 825 and 598400?
275
What is the greatest common factor of 2048 and 50704?
16
Calculate the greatest common factor of 306493 and 30481.
187
Calculate the greatest common factor of 19 and 56186116.
19
Calculate the highest common factor of 286300365 and 2535.
2535
What is the highest common factor of 87750 and 1270350?
1350
Calculate the highest common factor of 787340078 and 42.
14
Calculate the highest common divisor of 26059 and 6279704.
103
Calculate the highest common divisor of 135198 and 32290398.
3654
Calculate the highest common factor of 14 and 61216218.
14
What is the highest common factor of 7688408 and 288392?
6136
What is the highest common divisor of 5744712 and 36816?
1416
Calculate the greatest common divisor of 192 and 18343752.
24
What is the highest common factor of 100831 and 509282?
1709
What is the highest common divisor of 10864 and 2709016?
776
Calculate the greatest common factor of 224 and 3974336.
32
Calculate the greatest common divisor of 43456 and 64000.
64
What is the highest common factor of 28045992 and 416?
104
What is the highest common divisor of 2033270 and 180913?
1601
Calculate the greatest common factor of 49887 and 18929.
23
Calculate the greatest common factor of 336479 and 157.
1
Calculate the highest common divisor of 4341072 and 4752.
48
What is the highest common divisor of 699322374 and 151?
151
What is the highest common divisor of 6022306 and 12632?
3158
What is the highest common divisor of 3220 and 17099600?
140
Calculate the highest common divisor of 12322896 and 745.
149
Calculate the greatest common divisor of 494978 and 14496.
302
Calculate the greatest common factor of 527904 and 35928.
72
Calculate the greatest common factor of 169 and 37830650.
169
Calculate the greatest common divisor of 35763 and 311125.
131
What is the greatest common divisor of 22578003 and 129150?
2583
Calculate the highest common divisor of 587491205 and 175.
35
What is the greatest common divisor of 122126 and 6004618?
538
Calculate the highest common divisor of 21842 and 44010.
326
What is the highest common divisor of 6344 and 208520?
104
What is the highest common divisor of 3142681 and 71?
1
Calculate the greatest common factor of 7765 and 4368589.
1553
What is the highest common divisor of 121876563 and 69?
69
Calculate the highest common divisor of 2072 and 9375023.
259
Calculate the highest common divisor of 3984 and 4067.
83
Calculate the highest common divisor of 108 and 5098410.
54
Calculate the greatest common factor of 3687 and 6988094.
1229
What is the highest common factor of 122114726 and 2294?
74
What is the highest common factor of 9570891 and 561?
33
What is the greatest common divisor of 8527245 and 44407?
367
Calculate the highest common factor of 176807719 and 35223.
11741
What is the greatest common factor of 76944 and 54228?
12
Calculate the greatest common factor of 92129367 and 198.
33
Calculate the highest common factor of 4316780 and 468.
52
What is the greatest common factor of 28049 and 16205?
7
What is the highest common factor of 1715003 and 110843?
557
Calculate the highest common divisor of 561 and 6359925.
33
What is the highest common divisor of 10995 and 336076835?
3665
Calculate the highest common factor of 1127 and 15094156.
49
Calculate the greatest common factor of 11874234 and 6.
6
What is the highest common divisor of 96437691 and 48762?
2709
What is the greatest common divisor of 1840482 and 8656?
1082
Calculate the highest common factor of 260 and 991510.
130
What is the greatest common factor of 5465 and 2569643?
1093
Calculate the greatest common factor of 307725 and 14650.
25
What is the greatest common divisor of 175406 and 870485?
1309
Calculate the greatest common divisor of 3703 and 2453801.
161
Calculate the highest common divisor of 419 and 532968.
419
What is the highest common divisor of 764123503 and 22?
11
Calculate the greatest common factor of 678 and 5908657.
113
Calculate the highest common divisor of 20 and 27049390.
10
What is the greatest common divisor of 6762 and 11915526?
294
Calculate the greatest common divisor of 28361241 and 2242.
59
What is the highest common factor of 3069 and 213114?
33
Calculate the greatest common factor of 6540 and 3835056.
1308
Calculate the highest common divisor of 6371 and 2152945659.
6371
What is the highest common divisor of 909795 and 7871?
463
Calculate the greatest common factor of 10061677 and 3239.
79
What is the greatest common divisor of 790 and 7535810?
790
What is the highest common factor of 35 and 504363405?
35
Calculate the greatest common factor of 11547863 and 6624.
23
What is the greatest common divisor of 6019 and 629352659?
6019
Calculate the highest common factor of 19403581 and 